 the remainder when 5111 is divided by 103?
64
Calculate the remainder when 7970 is divided by 647.
206
Calculate the remainder when 1202 is divided by 16.
2
Calculate the remainder when 67764 is divided by 31.
29
Calculate the remainder when 29183 is divided by 469.
105
What is the remainder when 2836 is divided by 290?
226
Calculate the remainder when 1562 is divided by 333.
230
Calculate the remainder when 26668 is divided by 117.
109
What is the remainder when 16172 is divided by 35?
2
Calculate the remainder when 173774 is divided by 579.
74
What is the remainder when 38633 is divided by 33?
23
What is the remainder when 630024 is divided by 946?
934
What is the remainder when 6565 is divided by 140?
125
What is the remainder when 650935 is divided by 131?
127
What is the remainder when 7405 is divided by 2323?
436
Calculate the remainder when 3744 is divided by 249.
9
What is the remainder when 58719 is divided by 783?
777
Calculate the remainder when 1602 is divided by 262.
30
What is the remainder when 20643 is divided by 529?
12
What is the remainder when 2805 is divided by 470?
455
Calculate the remainder when 6294 is divided by 365.
89
Calculate the remainder when 16520 is divided by 1837.
1824
Calculate the remainder when 24196 is divided by 77.
18
Calculate the remainder when 163841 is divided by 81888.
65
Calculate the remainder when 304378 is divided by 684.
682
What is the remainder when 18794 is divided by 21?
20
Calculate the remainder when 192479 is divided by 314.
311
What is the remainder when 389030 is divided by 22884?
2
What is the remainder when 18702 is divided by 2078?
0
What is the remainder when 930 is divided by 454?
22
Calculate the remainder when 492687 is divided by 424.
423
What is the remainder when 6194 is divided by 2064?
2
What is the remainder when 30512 is divided by 30503?
9
Calculate the remainder when 10581 is divided by 99.
87
What is the remainder when 4995 is divided by 19?
17
Calculate the remainder when 104885 is divided by 60.
5
Calculate the remainder when 46474 is divided by 15491.
1
What is the remainder when 2595360 is divided by 9?
3
What is the remainder when 4151 is divided by 63?
56
Calculate the remainder when 433181 is divided by 138.
137
Calculate the remainder when 522020 is divided by 153.
137
Calculate the remainder when 5971 is divided by 2663.
645
What is the remainder when 53035 is divided by 240?
235
Calculate the remainder when 20853 is divided by 16.
5
What is the remainder when 479685 is divided by 132?
129
What is the remainder when 1470 is divided by 585?
300
What is the remainder when 4777 is divided by 828?
637
What is the remainder when 894 is divided by 128?
126
What is the remainder when 55338 is divided by 429?
426
What is the remainder when 50913 is divided by 207?
198
Calculate the remainder when 48454 is divided by 598.
16
Calculate the remainder when 17476 is divided by 6.
4
What is the remainder when 11280 is divided by 11272?
8
What is the remainder when 6529 is divided by 2154?
67
What is the remainder when 7511 is divided by 22?
9
What is the remainder when 1328 is divided by 420?
68
Calculate the remainder when 778 is divided by 372.
34
What is the remainder when 326016 is divided by 303?
291
Calculate the remainder when 147439 is divided by 59.
57
What is the remainder when 4782 is divided by 93?
39
What is the remainder when 583 is divided by 180?
43
What is the remainder when 1207 is divided by 149?
15
Calculate the remainder when 175575 is divided by 2090.
15
What is the remainder when 2737190 is divided by 244?
242
What is the remainder when 1150 is divided by 107?
80
Calculate the remainder when 4640 is divided by 1528.
56
What is the remainder when 19027 is divided by 49?
15
What is the remainder when 1230428 is divided by 224?
220
What is the remainder when 27419 is divided by 60?
59
Calculate the remainder when 37214 is divided by 510.
494
Calculate the remainder when 466734 is divided by 36.
30
What is the remainder when 15730 is divided by 130?
0
Calculate the remainder when 267 is divided by 123.
21
Calculate the remainder when 5064 is divided by 175.
164
Calculate the remainder when 1699 is divided by 13.
9
Calculate the remainder when 13505 is divided by 3058.
1273
What is the remainder when 1108 is divided by 281?
265
What is the remainder when 1274 is divided by 58?
56
Calculate the remainder when 4419999 is divided by 125.
124
What is the remainder when 1783 is divided by 445?
3
What is the remainder when 17001 is divided by 8497?
7
What is the remainder when 1473 is divided by 143?
43
What is the remainder when 5476 is divided by 805?
646
What is the remainder when 269340 is divided by 66?
60
Calculate the remainder when 55609 is divided by 11.
4
Calculate the remainder when 1214 is divided by 713.
501
Calculate the remainder when 9302 is divided by 8.
6
Calculate the remainder when 136934 is divided by 34232.
6
Calculate the remainder when 6629 is divided by 2204.
17
Calculate the remainder when 144293 is divided by 128.
37
Calculate the remainder when 54640 is divided by 1401.
1
Calculate the remainder when 66459 is divided by 418.
415
What is the remainder when 28743 is divided by 2872?
23
Calculate the remainder when 21074 is divided by 7022.
8
Calculate the remainder when 51974 is divided by 35.
34
What is the remainder when 1906 is divided by 810?
286
What is the remainder when 1577083 is divided by 288?
283
What is the remainder when 8875 is divided by 468?
451
Calculate the remainder when 58092 is divided by 19361.
9
What is the remainder when 57158 is divided by 33?
2
Calculate the remainder when 241292 is divided by 635.
627
Calculate the remainder when 12486 is divided by 277.
21
What is the remainder when 120832 is divided by 888?
64
What is the remainder when 208784 is divided by 23198?
2
What is the remainder when 3358 is divided by 1736?
1622
Calculate the remainder when 121012 is divided by 26.
8
What is the remainder when 1380 is divided by 1306?
74
What is the remainder when 2482 is divided by 610?
42
What is the remainder when 33574 is divided by 8391?
10
Calculate the remainder when 7088 is divided by 471.
23
Calculate the remainder when 8664 is divided by 533.
136
Calculate the remainder when 46989 is divided by 754.
241
What is the remainder when 2672 is divided by 57?
50
What is the remainder when 1209 is divided by 43?
5
Calculate the remainder when 672979 is divided by 385.
384
Calculate the remainder when 271339 is divided by 90441.
16
Calculate the remainder when 5047 is divided by 266.
259
What is the remainder when 119237 is divided by 414?
5
What is the remainder when 5639 is divided by 173?
103
What is the remainder when 6006 is divided by 174?
90
Calculate the remainder when 7175 is divided by 299.
298
Calculate the remainder when 735071 is divided by 741.
740
What is the remainder when 20794 is divided by 507?
7
What is the remainder when 30494 is divided by 7?
2
What is the remainder when 7554 is divided by 540?
534
What is the remainder when 101299 is divided by 268?
263
What is the remainder when 186 is divided by 104?
82
Calculate the remainder when 1876 is divided by 314.
306
What is the remainder when 28284 is divided by 63?
60
What is the remainder when 38290 is divided by 47?
32
What is the remainder when 18333 is divided by 131?
124
Calculate the remainder when 251616 is divided by 51.
33
What is the remainder when 19279 is divided by 25?
4
Calculate the remainder when 79906 is divided by 122.
118
What is the remainder when 2010 is divided by 49?
1
What is the remainder when 62183 is divided by 62135?
48
What is the remainder when 2438 is divided by 2325?
113
What is the remainder when 11657 is divided by 72?
65
Calculate the remainder when 1695 is divided by 149.
56
What is the remainder when 43864 is divided by 172?
4
Calculate the remainder when 28548 is divided by 166.
162
Calculate the remainder when 71217 is divided by 1483.
33
What is the remainder when 8700 is divided by 253?
98
What is the remainder when 2614 is divided by 1263?
88
What is the remainder when 15015 is divided by 20?
15
What is the remainder when 5656 is divided by 72?
40
What is the remainder when 27914 is divided by 12